4 a multiple of 43?
True
Is 73 a factor of 429859524?
False
Is 5303 a factor of 786737171?
True
Is 8051060 a multiple of 41?
False
Does 301 divide 23871515?
False
Is 18326790 a multiple of 6?
True
Does 51 divide 92157612?
True
Is 169196656 a multiple of 1134?
False
Is 123600645 a multiple of 116?
False
Is 4023964260 a multiple of 7794?
True
Is 81416950 a multiple of 485?
True
Is 1230466071 a multiple of 5?
False
Does 3602 divide 57621194?
True
Is 128858213 a multiple of 207?
False
Does 14 divide 192705996?
True
Does 2284 divide 102512772?
True
Is 3222538858 a multiple of 40?
False
Is 65 a factor of 104760305?
True
Is 83 a factor of 881929205?
False
Does 19 divide 15455364?
False
Is 822840729 a multiple of 416?
False
Does 3 divide 71304887?
False
Is 37962676 a multiple of 26?
False
Does 3810 divide 178833780?
True
Is 493219165 a multiple of 23?
False
Is 231875307 a multiple of 1283?
True
Is 315 a factor of 2621473470?
True
Does 55 divide 2114427263?
False
Does 266 divide 300580?
True
Does 4763 divide 2287673663?
True
Does 900 divide 56825240?
False
Is 897979335 a multiple of 41?
True
Is 248709787 a multiple of 360?
False
Is 117 a factor of 77968332?
True
Is 540 a factor of 3125946600?
True
Does 190 divide 1378875030?
True
Is 246439805 a multiple of 103?
False
Is 7213469 a multiple of 1823?
False
Is 30 a factor of 9732885?
False
Does 804 divide 170067708?
True
Does 3879 divide 1816863243?
False
Is 134 a factor of 69769780?
True
Does 552 divide 16885128?
True
Does 1378 divide 912155744?
False
Is 1245936523 a multiple of 4441?
False
Is 357 a factor of 92207078?
False
Is 154092890 a multiple of 70?
True
Does 9 divide 40953798?
True
Is 264721272 a multiple of 63?
False
Is 180 a factor of 269791507?
False
Is 4755156 a multiple of 12?
True
Is 819001420 a multiple of 1180?
True
Does 417 divide 38256414?
True
Does 36 divide 34194257?
False
Is 995030608 a multiple of 1222?
True
Is 50 a factor of 4177832?
False
Is 18622035 a multiple of 5?
True
Is 27 a factor of 292674914?
False
Is 2012 a factor of 204938296?
True
Is 8 a factor of 186139800?
True
Is 141764686 a multiple of 259?
True
Is 548467494 a multiple of 2539?
False
Is 386157 a multiple of 3?
True
Is 34 a factor of 64354676?
False
Is 426 a factor of 997931838?
True
Is 25404677 a multiple of 18?
False
Is 10 a factor of 351024182?
False
Is 403 a factor of 48796449?
True
Does 12 divide 28922071?
False
Is 95 a factor of 2137022910?
True
Does 16 divide 594052314?
False
Does 27 divide 1477018986?
False
Does 24 divide 21115533?
False
Is 42 a factor of 135266040?
True
Is 22 a factor of 11543092?
True
Does 73 divide 23504045?
False
Is 14759273 a multiple of 4?
False
Is 130944808 a multiple of 1919?
False
Does 181 divide 3348200090?
False
Does 11 divide 9402965?
True
Is 287491722 a multiple of 258?
True
Is 1936135671 a multiple of 43?
False
Is 319456529 a multiple of 7?
True
Does 5 divide 1061980?
True
Does 2446 divide 220896139?
False
Is 7 a factor of 3071571?
False
Does 68 divide 169518800?
False
Does 9 divide 367287732?
True
Does 28 divide 1587919592?
True
Is 20 a factor of 820914298?
False
Is 45408293 a multiple of 5?
False
Is 835 a factor of 31750890?
False
Is 149355087 a multiple of 21?
True
Does 647 divide 317776094?
False
Does 2 divide 96681714?
True
Does 75 divide 119109627?
False
Is 1310 a factor of 136085741?
False
Is 2545365 a multiple of 5?
True
Is 544 a factor of 21755210?
False
Is 47564192 a multiple of 1118?
True
Is 11 a factor of 1540081676?
False
Does 108 divide 7523928?
True
Does 207 divide 117180423?
True
Is 777636 a multiple of 9?
True
Is 7038744 a multiple of 24?
True
Is 1587 a factor of 509227038?
True
Is 18640644 a multiple of 11977?
False
Is 308 a factor of 4483556?
True
Does 23 divide 1537197660?
False
Does 9 divide 2637404286?
False
Is 11348544 a multiple of 64?
True
Is 4257153 a multiple of 41?
True
Does 1735 divide 345278794?
False
Is 784724593 a multiple of 541?
False
Is 28 a factor of 141167141?
False
Is 216216756 a multiple of 54?
True
Is 229163895 a multiple of 2253?
True
Does 71 divide 341694032?
True
Does 2457 divide 677618487?
True
Is 28660296 a multiple of 49?
True
Is 4269 a factor of 33580066?
False
Is 2 a factor of 87679?
False
Is 360040844 a multiple of 1510?
False
Is 100 a factor of 1446071999?
False
Is 24 a factor of 13552704?
True
Does 24 divide 205229832?
True
Is 29 a factor of 18733518?
False
Is 27433691 a multiple of 373?
False
Is 250858919 a multiple of 43?
False
Does 4 divide 802722740?
True
Does 499 divide 8806417?
False
Is 63 a factor of 313652178?
True
Does 179 divide 76648213?
False
Does 9 divide 139009239?
True
Is 13 a factor of 888780740?
False
Is 731957357 a multiple of 987?
False
Is 15 a factor of 2606075?
False
Is 628 a factor of 292597779?
False
Is 696581788 a multiple of 1109?
False
Is 5725550 a multiple of 50?
True
Is 1077796572 a multiple of 201?
True
Does 182 divide 143568998?
False
Does 7 divide 1414632?
False
Does 2 divide 50396859?
False
Does 1963 divide 33372618?
False
Is 537 a factor of 646012434?
False
Does 12 divide 753305319?
False
Does 6928 divide 1385253600?
True
Is 150470544 a multiple of 254?
False
Does 6246 divide 2401216231?
False
Does 3 divide 32879496?
True
Does 16 divide 19553970?
False
Does 85 divide 30916413?
False
Is 170 a factor of 14521036?
False
Is 22987599 a multiple of 13?
False
Does 2442 divide 107605189?
False
Does 16 divide 103740352?
True
Is 1392797269 a multiple of 780?
False
Is 288122790 a multiple of 5?
True
Is 17662505 a multiple of 1295?
True
Is 47750598 a multiple of 882?
True
Is 34048297 a multiple of 116?
False
Is 1405353062 a multiple of 515?
False
Is 2131253322 a multiple of 11?
True
Is 100608134 a multiple of 11?
True
Is 187352736 a multiple of 32?
True
Is 57 a factor of 6290657?
False
Does 6 divide 3527214?
True
Is 151 a factor of 106598781?
False
Is 182 a factor of 1903576804?
False
Is 14 a factor of 446561?
False
Is 220460785 a multiple of 2021?
True
Is 977 a factor of 382128917?
False
Is 1475216284 a multiple of 22?
False
Is 261 a factor of 135719915?
False
Is 381 a factor of 57394983?
True
Is 378 a factor of 29229606?
True
Does 104 divide 15599950?
False
Does 46 divide 51516361?
False
Does 164 divide 62627172?
True
Is 474392 a multiple of 19?
True
Does 2080 divide 187747040?
True
Is 11 a factor of 29660370?
False
Is 612 a factor of 26594460?
True
Is 128 a factor of 2778744561?
False
Is 63 a factor of 56403965?
False
Is 897 a factor of 18831298?
False
Is 34077582 a multiple of 414?
True
Does 24 divide 17446508?
False
Is 12488418 a multiple of 18?
True
Is 863974100 a multiple of 3020?
False
Is 110745644 a multiple of 475?
False
Does 51 divide 55067047?
False
Is 184 a factor of 910197952?
True
Is 178 a factor of 29428206?
True
Does 17 divide 79799292?
True
Is 4035 a factor of 26336445?
True
Is 4079334 a multiple of 4?
False
Does 305 divide 2554375?
True
Is 5852202 a multiple of 42?
False
Is 1403 a factor of 35910635?
False
Does 7 divide 24220163?
False
Does 298 divide 305390102?
True
Is 409899323 a multiple of 76?
False
Is 71 a factor of 767032333?
False
Is 47652871 a multiple of 4021?
True
Is 1427 a factor of 100888900?
True
Does 5319 divide 228185100?
True
Is 13 a factor of 1485773458?
True
Is 527 a factor of 33652112?
True
Does 20 divide 9268560?
True
Is 31 a factor of 60134234?
True
Does 72 divide 8049096?
True
Is 2154479960 a multiple of 20?
True
Is 4593 a factor of 1287909351?
True
Is 29012256 a multiple of 164?
True
Does 15 divide 46845435?
True
Does 7612 divide 90237631?
False
Is 9 a factor of 8644851?
True
Does 64 divide 285622366?
False
Is 172627903 a multiple of 23?
True
Is 2026 a factor of 25151266?
False
Does 16 divide 75799690?
False
Does 2 divide 6072183?
False
Does 12 divide 18550704?
True
Is 1239435780 a multiple of 44?
True
Does 15 divide 82125284?
False
Is 113 a factor of 51060249?
False
Is 713246 a multiple of 15?
False
Does 4 divide 6913643?
False
Is 98 a factor of 502779332?
False
Is 853 a factor of 141354129?
False
Is 89405416 a multiple of 23?
True
Is 569769090 a multiple of 870?
True
Is 117 a factor of 12334773?
False
Is 25 a factor of 3636272125?
True
Is 36020292 a multiple of 52?
False
Is 26508698 a multiple of 3?
False
Does 15 divide 577045497?
False
Is 132209531 a multiple o